{"id":123,"date":"2025-03-03T00:05:29","date_gmt":"2025-03-02T23:05:29","guid":{"rendered":"https:\/\/see-360.de\/homepage\/?page_id=123"},"modified":"2025-03-03T00:52:34","modified_gmt":"2025-03-02T23:52:34","slug":"impressum","status":"publish","type":"page","link":"https:\/\/see-360.de\/homepage\/impressum\/","title":{"rendered":"Impressum"},"content":{"rendered":"<p>[et_pb_section fb_built=&#8220;1&#8243; fullwidth=&#8220;on&#8220; admin_label=&#8220;Hero&#8220; _builder_version=&#8220;4.16&#8243; background_image=&#8220;https:\/\/see-360.de\/homepage\/wp-content\/uploads\/2025\/02\/it-services-02.jpg&#8220; parallax=&#8220;on&#8220; custom_padding=&#8220;0px|0|0px|0px|false|false&#8220; global_colors_info=&#8220;{}&#8220;][et_pb_fullwidth_header text_orientation=&#8220;center&#8220; admin_label=&#8220;Fullwidth Header&#8220; _builder_version=&#8220;4.27.4&#8243; title_font=&#8220;Share Tech||||||||&#8220; title_text_align=&#8220;center&#8220; title_font_size=&#8220;80px&#8220; title_line_height=&#8220;1.2em&#8220; content_font=&#8220;Open Sans||||||||&#8220; content_text_align=&#8220;center&#8220; content_font_size=&#8220;26px&#8220; content_letter_spacing=&#8220;8px&#8220; content_line_height=&#8220;1.8em&#8220; background_color=&#8220;rgba(0,0,0,0)&#8220; use_background_color_gradient=&#8220;on&#8220; background_color_gradient_direction=&#8220;140deg&#8220; background_color_gradient_stops=&#8220;rgba(0,72,114,0.9) 0%|rgba(41,17,96,0.8) 100%&#8220; background_color_gradient_start=&#8220;rgba(0,72,114,0.9)&#8220; background_color_gradient_end=&#8220;rgba(41,17,96,0.8)&#8220; parallax=&#8220;on&#8220; parallax_method=&#8220;on&#8220; custom_button_one=&#8220;on&#8220; button_one_text_size=&#8220;15px&#8220; button_one_bg_color=&#8220;#ffa727&#8243; button_one_border_width=&#8220;15px&#8220; button_one_border_color=&#8220;#ffa727&#8243; button_one_border_radius=&#8220;100px&#8220; button_one_letter_spacing=&#8220;5px&#8220; button_one_font=&#8220;Open Sans|700||on|||||&#8220; custom_margin=&#8220;|||&#8220; custom_padding=&#8220;10vw||10vw||true&#8220; custom_padding_tablet=&#8220;100px||100px||true&#8220; custom_padding_phone=&#8220;|||&#8220; custom_padding_last_edited=&#8220;on|desktop&#8220; hover_enabled=&#8220;0&#8243; title_font_size_tablet=&#8220;60px&#8220; title_font_size_phone=&#8220;36px&#8220; title_font_size_last_edited=&#8220;on|phone&#8220; content_font_size_tablet=&#8220;&#8220; content_font_size_phone=&#8220;16px&#8220; content_font_size_last_edited=&#8220;on|phone&#8220; button_one_text_size_tablet=&#8220;&#8220; button_one_text_size_phone=&#8220;&#8220; button_one_text_size_last_edited=&#8220;on|desktop&#8220; button_one_border_color_hover=&#8220;#ff8a3d&#8220; button_one_border_radius_hover=&#8220;100px&#8220; button_one_letter_spacing_hover=&#8220;5px&#8220; button_one_bg_color_hover=&#8220;#ff8a3d&#8220; global_colors_info=&#8220;{}&#8220; button_one_text_size__hover_enabled=&#8220;off&#8220; button_two_text_size__hover_enabled=&#8220;off&#8220; button_one_text_color__hover_enabled=&#8220;off&#8220; button_two_text_color__hover_enabled=&#8220;off&#8220; button_one_border_width__hover_enabled=&#8220;off&#8220; button_two_border_width__hover_enabled=&#8220;off&#8220; button_one_border_color__hover_enabled=&#8220;on&#8220; button_one_border_color__hover=&#8220;#ff8a3d&#8220; button_two_border_color__hover_enabled=&#8220;off&#8220; button_one_border_radius__hover_enabled=&#8220;on&#8220; button_one_border_radius__hover=&#8220;100px&#8220; button_two_border_radius__hover_enabled=&#8220;off&#8220; button_one_letter_spacing__hover_enabled=&#8220;on&#8220; button_one_letter_spacing__hover=&#8220;5px&#8220; button_two_letter_spacing__hover_enabled=&#8220;off&#8220; button_one_bg_color__hover_enabled=&#8220;on&#8220; button_one_bg_color__hover=&#8220;#ff8a3d&#8220; button_two_bg_color__hover_enabled=&#8220;off&#8220; sticky_enabled=&#8220;0&#8243;]<\/p>\n<p>&nbsp;<\/p>\n<p><span style=\"color: #ffffff;\"><b>Impressum<\/b><\/span><\/p>\n<p>[\/et_pb_fullwidth_header][\/et_pb_section][et_pb_section fb_built=&#8220;1&#8243; _builder_version=&#8220;4.27.4&#8243; _module_preset=&#8220;default&#8220; global_colors_info=&#8220;{}&#8220;][et_pb_row _builder_version=&#8220;4.27.4&#8243; _module_preset=&#8220;default&#8220; global_colors_info=&#8220;{}&#8220;][et_pb_column type=&#8220;4_4&#8243; _builder_version=&#8220;4.27.4&#8243; _module_preset=&#8220;default&#8220; global_colors_info=&#8220;{}&#8220;][et_pb_text _builder_version=&#8220;4.27.4&#8243; _module_preset=&#8220;default&#8220; global_colors_info=&#8220;{}&#8220;]<\/p>\n<div class=\"vc_row wpb_row vc_row-fluid\">\n<div class=\"wpb_column vc_column_container vc_col-sm-12\">\n<div class=\"vc_column-inner \">\n<div class=\"wpb_wrapper\">\n<div class=\"wpb_text_column wpb_content_element \">\n<div class=\"wpb_wrapper\">\n<h2>Angaben gem\u00e4\u00df \u00a7 5 TMG:<\/h2>\n<p>H&amp;T SOFTWARE GmbH<br \/>Hainkopfstra\u00dfe 3<br \/>65779 Kelkheim \/ Ts.<\/p>\n<h2>Vertreten durch:<\/h2>\n<p>Thomas T\u00f6ller, Gesch\u00e4ftsf\u00fchrer, Jens Horing, Gesch\u00e4ftsf\u00fchrer<\/p>\n<h2>Kontakt:<\/h2>\n<p>Telefon: +49 (0)6198 \/ 33846<br \/>E-Mail: info@ht-software-gmbh.de<\/p>\n<h2>Registereintrag:<\/h2>\n<p>Eintragung im Handelsregister.<br \/>Registergericht:Amtsgericht K\u00f6nigstein<br \/>Registernummer: HRB 6502<\/p>\n<h2>Umsetzung, Konzeption &amp; Design:<\/h2>\n<p>Deemz Design<br \/><span>Dennis Porombka<\/span><br \/><span>Eygelshovener Stra\u00dfe 10<\/span><br \/><span>50999 K\u00f6ln<\/span><br \/><a href=\"http:\/\/www.deemz.de\">www.deemz.de<\/a><\/p>\n<p><span>Telefon: 017632420860<\/span><br \/><span>E-Mail: info@deemz.de<\/span><\/p>\n<h2>Angaben zur Berufshaftpflichtversicherung<\/h2>\n<p>Name und Sitz des Versicherers:<br \/>Allianz Versicherungs-Aktiengesellschaft<br \/>K\u00f6niginstra\u00dfe 28<br \/>80802 M\u00fcnchen<\/p>\n<p>Geltungsraum der Versicherung: BRD<\/p>\n<h2>Streitschlichtung<\/h2>\n<p>Die Europ\u00e4ische Kommission stellt eine Plattform zur Online-Streitbeilegung (OS) bereit:<span>\u00a0<\/span><a href=\"https:\/\/ec.europa.eu\/consumers\/odr\" target=\"_blank\" rel=\"noopener\">https:\/\/ec.europa.eu\/consumers\/odr<\/a>.<br \/>Unsere E-Mail-Adresse finden Sie oben im Impressum.<\/p>\n<p>Wir sind nicht bereit oder verpflichtet, an Streitbeilegungsverfahren vor einer Verbraucherschlichtungsstelle teilzunehmen.<\/p>\n<h3>Haftung f\u00fcr Inhalte<\/h3>\n<p>Als Diensteanbieter sind wir gem\u00e4\u00df \u00a7 7 Abs.1 TMG f\u00fcr eigene Inhalte auf diesen Seiten nach den allgemeinen Gesetzen verantwortlich. Nach \u00a7\u00a7 8 bis 10 TMG sind wir als Diensteanbieter jedoch nicht verpflichtet, \u00fcbermittelte oder gespeicherte fremde Informationen zu \u00fcberwachen oder nach Umst\u00e4nden zu forschen, die auf eine rechtswidrige T\u00e4tigkeit hinweisen.<\/p>\n<p>Verpflichtungen zur Entfernung oder Sperrung der Nutzung von Informationen nach den allgemeinen Gesetzen bleiben hiervon unber\u00fchrt. Eine diesbez\u00fcgliche Haftung ist jedoch erst ab dem Zeitpunkt der Kenntnis einer konkreten Rechtsverletzung m\u00f6glich. Bei Bekanntwerden von entsprechenden Rechtsverletzungen werden wir diese Inhalte umgehend entfernen.<\/p>\n<h3>Haftung f\u00fcr Links<\/h3>\n<p>Unser Angebot enth\u00e4lt Links zu externen Websites Dritter, auf deren Inhalte wir keinen Einfluss haben. Deshalb k\u00f6nnen wir f\u00fcr diese fremden Inhalte auch keine Gew\u00e4hr \u00fcbernehmen. F\u00fcr die Inhalte der verlinkten Seiten ist stets der jeweilige Anbieter oder Betreiber der Seiten verantwortlich. Die verlinkten Seiten wurden zum Zeitpunkt der Verlinkung auf m\u00f6gliche Rechtsverst\u00f6\u00dfe \u00fcberpr\u00fcft. Rechtswidrige Inhalte waren zum Zeitpunkt der Verlinkung nicht erkennbar.<\/p>\n<p>Eine permanente inhaltliche Kontrolle der verlinkten Seiten ist jedoch ohne konkrete Anhaltspunkte einer Rechtsverletzung nicht zumutbar. Bei Bekanntwerden von Rechtsverletzungen werden wir derartige Links umgehend entfernen.<\/p>\n<h3>Urheberrecht<\/h3>\n<p>Die durch die Seitenbetreiber erstellten Inhalte und Werke auf diesen Seiten unterliegen dem deutschen Urheberrecht. Die Vervielf\u00e4ltigung, Bearbeitung, Verbreitung und jede Art der Verwertung au\u00dferhalb der Grenzen des Urheberrechtes bed\u00fcrfen der schriftlichen Zustimmung des jeweiligen Autors bzw. Erstellers. Downloads und Kopien dieser Seite sind nur f\u00fcr den privaten, nicht kommerziellen Gebrauch gestattet.<\/p>\n<p>Soweit die Inhalte auf dieser Seite nicht vom Betreiber erstellt wurden, werden die Urheberrechte Dritter beachtet. Insbesondere werden Inhalte Dritter als solche gekennzeichnet. Sollten Sie trotzdem auf eine Urheberrechtsverletzung aufmerksam werden, bitten wir um einen entsprechenden Hinweis. Bei Bekanntwerden von Rechtsverletzungen werden wir derartige Inhalte umgehend entfernen.<\/p>\n<\/div>\n<\/div>\n<\/div>\n<\/div>\n<\/div>\n<\/div>\n<div class=\"vc_row wpb_row vc_row-fluid\">\n<div class=\"wpb_column vc_column_container vc_col-sm-12\">\n<div class=\"vc_column-inner \">\n<div class=\"wpb_wrapper\">\n<div class=\"wpb_text_column wpb_content_element \">\n<div class=\"wpb_wrapper\"><\/div>\n<\/div>\n<div class=\"wpb_text_column wpb_content_element \">\n<div class=\"wpb_wrapper\">\n<div class=\"row-box clearfix\">\n<div class=\"columns large-12 border tabs ui-tabs ui-widget ui-widget-content ui-corner-all ui-tabs-collapsible\">\n<div id=\"29368-privacy\" class=\"columns large-12 border privacy-html ui-tabs-panel ui-widget-content ui-corner-bottom\" role=\"tabpanel\" aria-labelledby=\"ui-id-78\" aria-hidden=\"false\">\n<p>&nbsp;<\/p>\n<\/div>\n<\/div>\n<\/div>\n<\/div>\n<\/div>\n<\/div>\n<\/div>\n<\/div>\n<\/div>\n<p>[\/et_pb_text][\/et_pb_column][\/et_pb_row][\/et_pb_section]<\/p>\n","protected":false},"excerpt":{"rendered":"<p>&nbsp; Impressum Angaben gem\u00e4\u00df \u00a7 5 TMG: H&amp;T SOFTWARE GmbHHainkopfstra\u00dfe 365779 Kelkheim \/ Ts. Vertreten durch: Thomas T\u00f6ller, Gesch\u00e4ftsf\u00fchrer, Jens Horing, Gesch\u00e4ftsf\u00fchrer Kontakt: Telefon: +49 (0)6198 \/ 33846E-Mail: info@ht-software-gmbh.de Registereintrag: Eintragung im Handelsregister.Registergericht:Amtsgericht K\u00f6nigsteinRegisternummer: HRB 6502 Umsetzung, Konzeption &amp; Design: Deemz DesignDennis PorombkaEygelshovener Stra\u00dfe 1050999 K\u00f6lnwww.deemz.de Telefon: 017632420860E-Mail: info@deemz.de Angaben zur Berufshaftpflichtversicherung Name und Sitz [&hellip;]<\/p>\n","protected":false},"author":1,"featured_media":0,"parent":0,"menu_order":0,"comment_status":"closed","ping_status":"closed","template":"","meta":{"_et_pb_use_builder":"on","_et_pb_old_content":"","_et_gb_content_width":"","footnotes":""},"class_list":["post-123","page","type-page","status-publish","hentry"],"yoast_head":"<!-- This site is optimized with the Yoast SEO plugin v26.8 - https:\/\/yoast.com\/product\/yoast-seo-wordpress\/ -->\n<title>Impressum - See 360<\/title>\n<meta name=\"robots\" content=\"index, follow, max-snippet:-1, max-image-preview:large, max-video-preview:-1\" \/>\n<link rel=\"canonical\" href=\"https:\/\/see-360.de\/homepage\/impressum\/\" \/>\n<meta property=\"og:locale\" content=\"de_DE\" \/>\n<meta property=\"og:type\" content=\"article\" \/>\n<meta property=\"og:title\" content=\"Impressum - See 360\" \/>\n<meta property=\"og:description\" content=\"&nbsp; Impressum Angaben gem\u00e4\u00df \u00a7 5 TMG: H&amp;T SOFTWARE GmbHHainkopfstra\u00dfe 365779 Kelkheim \/ Ts. Vertreten durch: Thomas T\u00f6ller, Gesch\u00e4ftsf\u00fchrer, Jens Horing, Gesch\u00e4ftsf\u00fchrer Kontakt: Telefon: +49 (0)6198 \/ 33846E-Mail: info@ht-software-gmbh.de Registereintrag: Eintragung im Handelsregister.Registergericht:Amtsgericht K\u00f6nigsteinRegisternummer: HRB 6502 Umsetzung, Konzeption &amp; Design: Deemz DesignDennis PorombkaEygelshovener Stra\u00dfe 1050999 K\u00f6lnwww.deemz.de Telefon: 017632420860E-Mail: info@deemz.de Angaben zur Berufshaftpflichtversicherung Name und Sitz [&hellip;]\" \/>\n<meta property=\"og:url\" content=\"https:\/\/see-360.de\/homepage\/impressum\/\" \/>\n<meta property=\"og:site_name\" content=\"See 360\" \/>\n<meta property=\"article:modified_time\" content=\"2025-03-02T23:52:34+00:00\" \/>\n<meta name=\"twitter:card\" content=\"summary_large_image\" \/>\n<meta name=\"twitter:label1\" content=\"Gesch\u00e4tzte Lesezeit\" \/>\n\t<meta name=\"twitter:data1\" content=\"4\u00a0Minuten\" \/>\n<script type=\"application\/ld+json\" class=\"yoast-schema-graph\">{\"@context\":\"https:\/\/schema.org\",\"@graph\":[{\"@type\":\"WebPage\",\"@id\":\"https:\/\/see-360.de\/homepage\/impressum\/\",\"url\":\"https:\/\/see-360.de\/homepage\/impressum\/\",\"name\":\"Impressum - See 360\",\"isPartOf\":{\"@id\":\"https:\/\/see-360.de\/homepage\/#website\"},\"datePublished\":\"2025-03-02T23:05:29+00:00\",\"dateModified\":\"2025-03-02T23:52:34+00:00\",\"breadcrumb\":{\"@id\":\"https:\/\/see-360.de\/homepage\/impressum\/#breadcrumb\"},\"inLanguage\":\"de\",\"potentialAction\":[{\"@type\":\"ReadAction\",\"target\":[\"https:\/\/see-360.de\/homepage\/impressum\/\"]}]},{\"@type\":\"BreadcrumbList\",\"@id\":\"https:\/\/see-360.de\/homepage\/impressum\/#breadcrumb\",\"itemListElement\":[{\"@type\":\"ListItem\",\"position\":1,\"name\":\"Startseite\",\"item\":\"https:\/\/see-360.de\/homepage\/\"},{\"@type\":\"ListItem\",\"position\":2,\"name\":\"Impressum\"}]},{\"@type\":\"WebSite\",\"@id\":\"https:\/\/see-360.de\/homepage\/#website\",\"url\":\"https:\/\/see-360.de\/homepage\/\",\"name\":\"See 360\",\"description\":\"\",\"publisher\":{\"@id\":\"https:\/\/see-360.de\/homepage\/#organization\"},\"potentialAction\":[{\"@type\":\"SearchAction\",\"target\":{\"@type\":\"EntryPoint\",\"urlTemplate\":\"https:\/\/see-360.de\/homepage\/?s={search_term_string}\"},\"query-input\":{\"@type\":\"PropertyValueSpecification\",\"valueRequired\":true,\"valueName\":\"search_term_string\"}}],\"inLanguage\":\"de\"},{\"@type\":\"Organization\",\"@id\":\"https:\/\/see-360.de\/homepage\/#organization\",\"name\":\"H&T SOFTWARE GmbH\",\"url\":\"https:\/\/see-360.de\/homepage\/\",\"logo\":{\"@type\":\"ImageObject\",\"inLanguage\":\"de\",\"@id\":\"https:\/\/see-360.de\/homepage\/#\/schema\/logo\/image\/\",\"url\":\"https:\/\/see-360.de\/homepage\/wp-content\/uploads\/2025\/03\/Logo-See360-Vektor-02-1.png\",\"contentUrl\":\"https:\/\/see-360.de\/homepage\/wp-content\/uploads\/2025\/03\/Logo-See360-Vektor-02-1.png\",\"width\":297,\"height\":104,\"caption\":\"H&T SOFTWARE GmbH\"},\"image\":{\"@id\":\"https:\/\/see-360.de\/homepage\/#\/schema\/logo\/image\/\"},\"sameAs\":[\"https:\/\/www.linkedin.com\/company\/ht-software-gmbh\"]}]}<\/script>\n<!-- \/ Yoast SEO plugin. -->","yoast_head_json":{"title":"Impressum - See 360","robots":{"index":"index","follow":"follow","max-snippet":"max-snippet:-1","max-image-preview":"max-image-preview:large","max-video-preview":"max-video-preview:-1"},"canonical":"https:\/\/see-360.de\/homepage\/impressum\/","og_locale":"de_DE","og_type":"article","og_title":"Impressum - See 360","og_description":"&nbsp; Impressum Angaben gem\u00e4\u00df \u00a7 5 TMG: H&amp;T SOFTWARE GmbHHainkopfstra\u00dfe 365779 Kelkheim \/ Ts. Vertreten durch: Thomas T\u00f6ller, Gesch\u00e4ftsf\u00fchrer, Jens Horing, Gesch\u00e4ftsf\u00fchrer Kontakt: Telefon: +49 (0)6198 \/ 33846E-Mail: info@ht-software-gmbh.de Registereintrag: Eintragung im Handelsregister.Registergericht:Amtsgericht K\u00f6nigsteinRegisternummer: HRB 6502 Umsetzung, Konzeption &amp; Design: Deemz DesignDennis PorombkaEygelshovener Stra\u00dfe 1050999 K\u00f6lnwww.deemz.de Telefon: 017632420860E-Mail: info@deemz.de Angaben zur Berufshaftpflichtversicherung Name und Sitz [&hellip;]","og_url":"https:\/\/see-360.de\/homepage\/impressum\/","og_site_name":"See 360","article_modified_time":"2025-03-02T23:52:34+00:00","twitter_card":"summary_large_image","twitter_misc":{"Gesch\u00e4tzte Lesezeit":"4\u00a0Minuten"},"schema":{"@context":"https:\/\/schema.org","@graph":[{"@type":"WebPage","@id":"https:\/\/see-360.de\/homepage\/impressum\/","url":"https:\/\/see-360.de\/homepage\/impressum\/","name":"Impressum - See 360","isPartOf":{"@id":"https:\/\/see-360.de\/homepage\/#website"},"datePublished":"2025-03-02T23:05:29+00:00","dateModified":"2025-03-02T23:52:34+00:00","breadcrumb":{"@id":"https:\/\/see-360.de\/homepage\/impressum\/#breadcrumb"},"inLanguage":"de","potentialAction":[{"@type":"ReadAction","target":["https:\/\/see-360.de\/homepage\/impressum\/"]}]},{"@type":"BreadcrumbList","@id":"https:\/\/see-360.de\/homepage\/impressum\/#breadcrumb","itemListElement":[{"@type":"ListItem","position":1,"name":"Startseite","item":"https:\/\/see-360.de\/homepage\/"},{"@type":"ListItem","position":2,"name":"Impressum"}]},{"@type":"WebSite","@id":"https:\/\/see-360.de\/homepage\/#website","url":"https:\/\/see-360.de\/homepage\/","name":"See 360","description":"","publisher":{"@id":"https:\/\/see-360.de\/homepage\/#organization"},"potentialAction":[{"@type":"SearchAction","target":{"@type":"EntryPoint","urlTemplate":"https:\/\/see-360.de\/homepage\/?s={search_term_string}"},"query-input":{"@type":"PropertyValueSpecification","valueRequired":true,"valueName":"search_term_string"}}],"inLanguage":"de"},{"@type":"Organization","@id":"https:\/\/see-360.de\/homepage\/#organization","name":"H&T SOFTWARE GmbH","url":"https:\/\/see-360.de\/homepage\/","logo":{"@type":"ImageObject","inLanguage":"de","@id":"https:\/\/see-360.de\/homepage\/#\/schema\/logo\/image\/","url":"https:\/\/see-360.de\/homepage\/wp-content\/uploads\/2025\/03\/Logo-See360-Vektor-02-1.png","contentUrl":"https:\/\/see-360.de\/homepage\/wp-content\/uploads\/2025\/03\/Logo-See360-Vektor-02-1.png","width":297,"height":104,"caption":"H&T SOFTWARE GmbH"},"image":{"@id":"https:\/\/see-360.de\/homepage\/#\/schema\/logo\/image\/"},"sameAs":["https:\/\/www.linkedin.com\/company\/ht-software-gmbh"]}]}},"_links":{"self":[{"href":"https:\/\/see-360.de\/homepage\/wp-json\/wp\/v2\/pages\/123","targetHints":{"allow":["GET"]}}],"collection":[{"href":"https:\/\/see-360.de\/homepage\/wp-json\/wp\/v2\/pages"}],"about":[{"href":"https:\/\/see-360.de\/homepage\/wp-json\/wp\/v2\/types\/page"}],"author":[{"embeddable":true,"href":"https:\/\/see-360.de\/homepage\/wp-json\/wp\/v2\/users\/1"}],"replies":[{"embeddable":true,"href":"https:\/\/see-360.de\/homepage\/wp-json\/wp\/v2\/comments?post=123"}],"version-history":[{"count":5,"href":"https:\/\/see-360.de\/homepage\/wp-json\/wp\/v2\/pages\/123\/revisions"}],"predecessor-version":[{"id":149,"href":"https:\/\/see-360.de\/homepage\/wp-json\/wp\/v2\/pages\/123\/revisions\/149"}],"wp:attachment":[{"href":"https:\/\/see-360.de\/homepage\/wp-json\/wp\/v2\/media?parent=123"}],"curies":[{"name":"wp","href":"https:\/\/api.w.org\/{rel}","templated":true}]}}